3 - (7 - -42))?
16
(44 + -32 - 27 - (-11 + -2)) + -12
-14
Calculate -69 + 45 + 28 + 93.
97
-16 + -34 - (-76 + -29)
55
What is the value of (3880 - 3956) + (2 - -76)?
2
Calculate -39 + (2 - 4) + 3 - (76 + -116 - -54).
-52
What is (-41 + 60 - (13 - 4)) + 0 + 2 + -96?
-84
Calculate -45 + -3 - -114 - (6 + (-27 - -6)).
81
Evaluate 696 + -603 + (-8 - -8) + -3.
90
What is -35 - (48 - 136) - (-2 + 2 + 16)?
37
What is the value of -7 + (2 - -1) + (172 - 162) - 23?
-17
(-5 - -11) + -15 + 5 - 2 - -47
41
-141 - (58 + (-7 - 116))
-76
0 - -1 - (-9 - 0 - (726 - 721))
15
Calculate (-54 - -2) + (1 - -17) + (-59 - -38).
-55
-2 - (-58 - (25 - (-27 + 56)))
52
What is the value of (29 - (49 - 56)) + 6?
42
What is 1 - 51 - (-6 + 3 + -19 - (-176 - -161))?
-43
What is -97 + -87 + 174 + -53?
-63
Calculate 3 + (-14 - (-17 + -15) - 73 - -19).
-33
11 - (62 - -32) - -43
-40
What is the value of 23 - (15 - (-62 + (18 - 53)))?
-89
(-433 - -220 - -218) + (1 - (-3 + 111 + 3))
-105
What is -6 - (-3 - -46) - (-41 + 21)?
-29
What is the value of (-16 - 4) + (-25 - 3 - -10 - -32)?
-6
Evaluate 4 + -22 - (-6 + 1 - 5) - -31.
23
What is the value of -69 - (-38 - (20 + -17 + -19))?
-47
Evaluate 109 + (-26 - (37 - 100)) + -66.
80
22 + (0 + 16 - (-1 - -19) - 17)
3
What is -25 + 53 + -9 + 30?
49
What is ((19 - 32) + 34 - 15) + 5?
11
What is (-133 - (-5 + (-21 - (12 - 39)))) + 6?
-128
(120 - (36 + 1)) + (1 + -6 - -3) + 18
99
What is -4 + 15 + (16 - (27 - 21))?
21
(67 - 47) + -3 + 50
67
(-77 - -86) + 19 + -69
-41
What is (-10 - (-19 - (-10 + 8))) + -34?
-27
25 + -1 + 30 + (31 - 71) + -12
2
What is (-9 - (-56 - (34 - 53))) + 13?
41
What is (24 + -41 - -100) + -99?
-16
Calculate 2 + (44 + 14 - (-14 - -2)).
72
-63 - ((-7 - -27) + 18 - 13)
-88
Calculate 233 + (93 + -9 - 223).
94
Calculate -58 + 67 + (1 + -4 - (13 + 0)).
-7
What is the value of (-16 - 34) + 65 + -10?
5
What is -6 + (-5 - -7) + (11 - (-4 + -1)) - -9?
21
What is the value of 60 + (-19 - -48 - 118)?
-29
What is the value of (-1032 - -993) + (1 - -27) + 3 + -2?
-10
What is (-7 + -1 - (69 + -139)) + 0?
62
Calculate -69 + -4 + (-51 - -78).
-46
What is -2 + 2 - (-36 + 17 + 17 - 7)?
9
Evaluate 82 + -19 + -38 + 36.
61
4 + -1 + 3 + 35 + -29 + (2 - 10)
4
What is the value of 4113 + -4146 - (-4 + -1)?
-28
Calculate 1541 - 1540 - (0 + 35).
-34
Evaluate -6 + (0 - -1 - -2) + (-56 - (132 - 217)).
26
10 + 1 + 115 + -149
-23
What is the value of -7 + 23 - ((3 - (18 - 25 - -3)) + 67)?
-58
What is (5271 - 5272) + (1 + 1 - 0) + 4 + 46?
51
31 + -9 + -34 + -30 + 67
25
What is (-15 - 2) + 15 + 4 + -14 - -17?
5
Evaluate 7 - (2 - 0 - (47 - 45)) - 61.
-54
What is -115 - -178 - 53 - ((-7 - 3) + -3)?
23
Evaluate 12 - (-8 + 1 + -4 + -16 + 27) - -6.
18
Calculate 9 - -14 - 20 - ((1 - -3) + 4) - -2.
-3
(702 - 714 - (-1 + -1 + -15)) + 29
34
What is the value of (1 - (-4 - (-14 - (-6 - -3)))) + -9?
-15
(-9 - -16 - -54) + -11 + 35
85
(-8 - 44) + (10 - ((7 - -18) + 5 + -6))
-66
Evaluate -31 - -40 - ((33 - 32) + 30).
-22
Evaluate -25 + (10 + -14 - -22) - -20.
13
Calculate 7 + -45 - (1 + 0 + -4 - 8 - -21).
-48
What is (2 - (-9 - -2) - 16) + (35 - -7)?
35
Calculate (56 - (-88 - -45)) + (-2 + -1 - 1).
95
What is the value of (127 + -150 - (-8 - 0)) + (9 - (-2 + 3))?
-7
What is the value of 52 + 19 + -10 - (389 + -409)?
81
113 - (252 + -44) - -126
31
What is the value of 139 + -268 + 2 - -56?
-71
Evaluate 46 + (-17 - -25 - 18) + -10 - 10.
16
What is the value of -4545 + 4502 + (1 - -2) + -20?
-60
What is 20 + -20 + (-103 - (3 + -32))?
-74
What is the value of -8 + 4 - (-239 + 229)?
6
43 + (85 - 59) - 69
0
Calculate -56 - -63 - (((-6 - 0) + 6 - -149) + -10).
-132
Evaluate 3 - (11 + -4 + -11 + 4 + 12).
-9
What is the value of 11 + (5 - (-4 - (8 - 21))) - (-23 - -49)?
-19
What is -2 - ((-2 - (-12 - 3 - -8)) + 7 + 11)?
-25
(-2 - (-14 - -4) - (-34 + 32)) + (38 - -2)
50
Calculate -2 + 41 - (-26 - (-16 + -19 + -5 + 23)).
48
Evaluate -24 + 2 - (66 + 21 + -28 + 27).
-108
What is -67 - (10 - 10) - (2 + -1 + 32 + -32)?
-68
What is the value of 10 + 9 - 32 - -3 - -132 - -3?
125
(-5 - -7 - -23) + -2 + -1 + 2
24
What is the value of 12 + -1 - -1 - 11 - 48 - (15 + -27)?
-35
Calculate -30 - (-44 - 38 - -58).
-6
99 - (-26 + -36 - -115)
46
5 + (-4 + 1 - -11) + (-11 - 28)
-26
What is the value of -8 + 27 + (22 - 2 - -33)?
72
Evaluate (-41 - (-61 - 36)) + (1 - 7) + 13 + -9.
54
What is (-8 - (-1 - 2)) + (6 - 28) + 5 + -2?
-24
What is the value of -6 + (-7 + -6 + 6 - (-1 - 12)) + 13?
13
What is the value of 131 + -5 - 4 - 150?
-28
Evaluate (6 - 7) + 44 + 12 + (17 - 33) - 0.
39
Calculate 11 - (-2 + -28 + 32).
9
What is the value of (-5 - (-4 - -2)) + -327 + 325?
-5
What is 268 - 275 - (10 + 51)?
-68
Evaluate -2 + (93 - -5) + (-165 - -192) + -16 + 0.
107
What is -2 - ((-122 - -101) + -4 + 7 + -4)?
20
Calculate 14 - -1 - (-29 + 44 - (-6 + 15)) - 20.
-11
What is 35 + (-1 - (-9 + 5)) + (10 - 2)?
46
Calculate -105 + (41 - 31) + (0 - -1) + (11 - -2).
-81
Calculate 14 + (-1 - 10) + -43.
-40
What is (-11 - -47) + (-271 - -267)?
32
What is the value of (27 - (-2 - -1)) + -9233 + 9099?
-106
-40 + 0 + -124 + (430 - 190)
76
Evaluate -16 - 1 - (-1450 - -1439).
-6
Evaluate (59 - 48) + (-11 - (2 + -8) - 50).
-44
What is (-38 - (-17 - -9)) + 21 - (9 - (2 - -7))?
-9
What is 5 + -12 - (6 + (3 - -10))?
-26
Evaluate -13 + (8 - (14 + 1)) - 1.
-21
Calculate 2 + (-1 - 37) - (272 - 282).
-26
27 + -101 + 15 + 23 + 36
0
17 + -61 - (1 - -7) - 2 - -16
-38
Calculate 105 + (-11 - 41) + -50.
3
What is the value of -86 - -1 - (-1620 - -1575)?
-40
37 + -150 + 29 + -15
-99
-9 + (-21 - -2) - 20 - 20
-68
What is (-9 - 2 - (-1 + 4)) + (2 - 2) + -5?
-19
What is the value of 30 + 12 + 47 - 54?
35
What is the value of -13 + 6 - (-67 + -60 + 46)?
74
Calculate 41 - (29 - 4 - (-25 + 37)).
28
What is the value of (0 + -10 + -7 - (25 - 36)) + 11?
5
What is the value of 14 - (3 + -1) - -43 - (-1 - -14)?
42
What is the value of 1 + 1 + -1 + 12 + 8 - (-284 - -276)?
29
-3 + -1 + (-35 - -1) + (-26 - (11 + -47))
-28
What is the value of -6 + -2 + 2 - (-5616 + 5599)?
11
(-44 + 37 - (-18 + 1)) + 11 + 7 + -4
24
What is the value of -85 + 21 - -55 - (24 - (-2 + (2 - -3)))?
-30
What is (-312 - -224) + (-1 - (5 - 10 - -20))?
-104
(-14 - (18 + (-14 - -9))) + 77
50
What is 98 + -136 - (-1 + (-11 - -1) + -2)?
-25
Calculate -11 - (67 + 5 + -13 - 12) - -1.
-57
What is 11 - (1 + (5 - (-12 + 17)) + 10 + -41)?
41
Calculate -30 + (-34 - -55 - 5).
-14
-1 + -1 - (-25 - (38 - 41) - 16)
36
What is the value of -27 - -10 - (49 - 54) - 25?
-37
Evaluate 77 + (-140 - -78) + 75.
90
What is the value of (5 - 4 - -34) + 195 + -180?
50
(-3 - 3) + -83 + (-9 + 7 + 21 - 24)
-94
Calculate -56 + (-4 - -15 - 17 - (5 + (-3 - 12))).
-52
Evaluate 130 + (-66 - (120 - 0)).
-56
Evaluate -21 + 43 - 14 - (0 + -2).
10
What is (-52 - (1 + -13 - (-220 + 220))) + -16 + 3?
-53
What is the value of 5 - (-7 + 21) - -48 - -46?
85
0 + -60 + 2897 + -2866
-29
What is the value of 0 - 19 - (-2 + 11 + (140 - 111))?
-57
(-2 - -14 - 10) + (-1 - (52 + -2 - 1))
-48
26 + (-37 - -103) + -71
21
Evaluate -70 + 56 + 189 + -194 + -1 + -18.
-38
-64 - (-18 + 2 + (-181 - -173))
-40
Evaluate 4 + -1 - (37 + -19 - 4) - (6 + -5).
-12
Evaluate (-51 - -176) + -136 + (12 + -1 - 1) - -103.
102
Evaluate (17 - (-5 + 10)) + -1 + 59 + -126.
-56
69 - (-79 + (117 - -66))
-35
3 + -2 - 25 - (131 - 152)
-3
What is the value of 31 + (-91 - -122) + 60?
122
-45 + (-7 - (-22 + 36)) - -39
-27
What is -235 + 251 + -21 + (3 - 1) + 0?
-3
2 + -37 - (-48 - (-46 - -35))
2
What is (-7 - (-21 - -23)) + 16 - (-3 + (-1 - -51))?
-40
Calculate (-1 - 83) + (291 - 101) + -164.
-58
(-13 - (7 - 11 - 22 - -20)) + 23
16
Calculate 38 + 0 + 8 + -4 - 7 - (20 + -19).
34
Calculate 17 - -1 - (92 + -91).
17
8 + 19 + (-8 - ((3 + -11 - 3) + 6))
24
What is the value of (706 - 711) + (-3 - (-31 + -2))?
25
What is -71 - (-4 + -16 + 8) - (0 + -1)?
-58
146 + -38 + -24 - 104
-20
Calculate 39 + -53 + 45 - (7 + -23 + 3).
44
Calculate 20 + 1 + 6 + 1 + -2.
26
Calculate -35 + 0 + 34 + -1 + -13.
-15
Evaluate -1370 + 1431 + 8 + 1.
70
Calculate -4 + (18 - 42) - (29 + -8).
-49
What is -7 + (-25 + (20 - (-5 - -3)) - (3 + 34))?
-47
(-23 - (21 - -62)) + 218
112
Calculate 1341 + -1448 + (74 - -3).
-30
(5 - 3 - (-2 + -31)) + -197 + 186
24
Evaluate 0 - -23 - (-27 - -30 -